{"id":31,"date":"2019-01-19T11:38:48","date_gmt":"2019-01-19T11:38:48","guid":{"rendered":"http:\/\/casadelsol-denia.de\/?page_id=31"},"modified":"2024-09-02T14:54:20","modified_gmt":"2024-09-02T14:54:20","slug":"startseite","status":"publish","type":"page","link":"https:\/\/casadelsol-denia.de\/","title":{"rendered":"Herzlich Willkommen!"},"content":{"rendered":"\n<p class=\"has-large-font-size\"><strong>Herzlich Willkommen &#8211; Bienvenido<\/strong> \u2600<\/p>\n\n\n\n<p class=\"has-large-font-size\"><\/p>\n\n\n\n<p>Die Casa del Sol liegt in Denia &#8211;  am Fu\u00dfe des Montgo.<br>Zum Strand und zur Innenstadt sind es ca. 10 Minuten mit dem Auto. <br>Einkaufsm\u00f6glichkeiten in unmittelbarer N\u00e4he. <\/p>\n\n\n\n<p class=\"has-text-align-center has-medium-font-size\"><\/p>\n\n\n\n<figure class=\"wp-block-image size-large is-resized\"><img loading=\"lazy\" decoding=\"async\" width=\"768\" height=\"1024\" src=\"http:\/\/casadelsol-denia.de\/wp-content\/uploads\/drinks-768x1024.jpg\" alt=\"\" class=\"wp-image-432\" style=\"width:839px\" srcset=\"https:\/\/casadelsol-denia.de\/wp-content\/uploads\/drinks-768x1024.jpg 768w, https:\/\/casadelsol-denia.de\/wp-content\/uploads\/drinks-225x300.jpg 225w, https:\/\/casadelsol-denia.de\/wp-content\/uploads\/drinks-113x150.jpg 113w, https:\/\/casadelsol-denia.de\/wp-content\/uploads\/drinks-1152x1536.jpg 1152w, https:\/\/casadelsol-denia.de\/wp-content\/uploads\/drinks-700x933.jpg 700w, https:\/\/casadelsol-denia.de\/wp-content\/uploads\/drinks-300x400.jpg 300w, https:\/\/casadelsol-denia.de\/wp-content\/uploads\/drinks.jpg 1512w\" sizes=\"auto, (max-width: 768px) 100vw, 768px\" \/><\/figure>\n\n\n\n<p class=\"has-text-align-center has-medium-font-size\"><strong>Freie Mitbenutzung des hauseigenen Schwimmingpools<\/strong><\/p>\n\n\n\n<figure class=\"wp-block-image size-large is-resized\"><img loading=\"lazy\" decoding=\"async\" width=\"768\" height=\"1024\" src=\"http:\/\/casadelsol-denia.de\/wp-content\/uploads\/pool_fuesse-768x1024.jpg\" alt=\"\" class=\"wp-image-460\" style=\"width:839px;height:auto\" srcset=\"https:\/\/casadelsol-denia.de\/wp-content\/uploads\/pool_fuesse-768x1024.jpg 768w, https:\/\/casadelsol-denia.de\/wp-content\/uploads\/pool_fuesse-225x300.jpg 225w, https:\/\/casadelsol-denia.de\/wp-content\/uploads\/pool_fuesse-113x150.jpg 113w, https:\/\/casadelsol-denia.de\/wp-content\/uploads\/pool_fuesse-1152x1536.jpg 1152w, https:\/\/casadelsol-denia.de\/wp-content\/uploads\/pool_fuesse-700x933.jpg 700w, https:\/\/casadelsol-denia.de\/wp-content\/uploads\/pool_fuesse-300x400.jpg 300w, https:\/\/casadelsol-denia.de\/wp-content\/uploads\/pool_fuesse.jpg 1200w\" sizes=\"auto, (max-width: 768px) 100vw, 768px\" \/><\/figure>\n\n\n\n<p class=\"has-text-align-center has-large-font-size\">Ich freue mich auf Sie!<\/p>\n\n\n\n<div style=\"height:10px\" aria-hidden=\"true\" class=\"wp-block-spacer\"><\/div>\n\n\n\n<figure><script src=\"https:\/\/static.elfsight.com\/platform\/platform.js\" data-use-service-core=\"\" defer=\"\"><\/script>\n<div class=\"elfsight-app-f983d97a-09ce-42f7-935d-04fac4ed6925\" data-elfsight-app-lazy=\"\"><\/div><\/figure>\n\n\n\n<div class=\"wp-block-columns is-layout-flex wp-container-core-columns-is-layout-9d6595d7 wp-block-columns-is-layout-flex\">\n<div class=\"wp-block-column is-layout-flow wp-block-column-is-layout-flow\"><\/div>\n<\/div>\n","protected":false},"excerpt":{"rendered":"<p>Herzlich Willkommen &#8211; Bienvenido \u2600 Die Casa del Sol liegt in Denia &#8211; am Fu\u00dfe des Montgo.Zum Strand und zur Innenstadt sind es ca. 10 Minuten mit dem Auto. Einkaufsm\u00f6glichkeiten in unmittelbarer N\u00e4he. Freie Mitbenutzung des hauseigenen Schwimmingpools Ich freue mich auf Sie!<\/p>\n","protected":false},"author":1,"featured_media":0,"parent":0,"menu_order":0,"comment_status":"closed","ping_status":"closed","template":"","meta":{"footnotes":""},"class_list":["post-31","page","type-page","status-publish","hentry"],"_links":{"self":[{"href":"https:\/\/casadelsol-denia.de\/index.php?rest_route=\/wp\/v2\/pages\/31","targetHints":{"allow":["GET"]}}],"collection":[{"href":"https:\/\/casadelsol-denia.de\/index.php?rest_route=\/wp\/v2\/pages"}],"about":[{"href":"https:\/\/casadelsol-denia.de\/index.php?rest_route=\/wp\/v2\/types\/page"}],"author":[{"embeddable":true,"href":"https:\/\/casadelsol-denia.de\/index.php?rest_route=\/wp\/v2\/users\/1"}],"replies":[{"embeddable":true,"href":"https:\/\/casadelsol-denia.de\/index.php?rest_route=%2Fwp%2Fv2%2Fcomments&post=31"}],"version-history":[{"count":47,"href":"https:\/\/casadelsol-denia.de\/index.php?rest_route=\/wp\/v2\/pages\/31\/revisions"}],"predecessor-version":[{"id":550,"href":"https:\/\/casadelsol-denia.de\/index.php?rest_route=\/wp\/v2\/pages\/31\/revisions\/550"}],"wp:attachment":[{"href":"https:\/\/casadelsol-denia.de\/index.php?rest_route=%2Fwp%2Fv2%2Fmedia&parent=31"}],"curies":[{"name":"wp","href":"https:\/\/api.w.org\/{rel}","templated":true}]}}